{"id":303,"date":"2018-06-29T10:16:17","date_gmt":"2018-06-29T14:16:17","guid":{"rendered":"http:\/\/www.test.dev\/?page_id=303"},"modified":"2020-12-29T12:50:44","modified_gmt":"2020-12-29T16:50:44","slug":"people","status":"publish","type":"page","link":"https:\/\/www2.whoi.edu\/site\/johnsonlab\/people\/","title":{"rendered":"People"},"content":{"rendered":"\n<h1>\n\t\tLab Members\n\t<\/h1>\n\t\t\t\t<img loading=\"lazy\" src=\"https:\/\/www2.whoi.edu\/site\/johnsonlab\/wp-content\/uploads\/sites\/51\/2018\/06\/Matt_Johnson2_384499.jpg\" alt=\"Matt Johnson\" height=\"180\" width=\"133\" title=\"Matt_Johnson2_384499\" \/>\n\t<h3>Matt Johnson<\/h3>\n<b>Associate Scientist<br \/>\n<\/b>Woods Hole Oceanographic Institution<br \/>\nWatson Building 217, MS#52<br \/>\nWoods Hole, MA 02543<br \/>\n(508) 289-2584<br \/>\n<a href=\"mailto:mattjohnson@whoi.edu\">mattjohnson@whoi.edu<\/a><br \/>\n<a href=\"http:\/\/www.whoi.edu\/profile.do?id=mattjohnson\" target=\"_blank\" rel=\"noopener noreferrer\">Profile<\/a>\n\t\t\t\t<img loading=\"lazy\" src=\"https:\/\/www2.whoi.edu\/site\/johnsonlab\/wp-content\/uploads\/sites\/51\/2018\/06\/Dave2_384456_thumbnail_384457.jpg\" alt=\"David Beaudoin\" height=\"274\" width=\"299\" title=\"Dave2_384456_thumbnail_384457\" \/>\n\t<h3>David Beaudoin<\/h3>\n<b>Research Associate II<br \/>\n<\/b>Woods Hole Oceanographic Institution<br \/>\n266 Woods Hole Rd.<br \/>\nWoods Hole, MA 02543-1050<br \/>\n508 289 2737<br \/>\n<a href=\"mailto:dbeaudoin@whoi.edu\">dbeaudoin@whoi.edu<\/a><br \/>\n<a href=\"http:\/\/www.whoi.edu\/hpb\/Site.do?id=6012\" target=\"_blank\" rel=\"noopener noreferrer\">Profile<\/a>\n\t\t\t\t<img loading=\"lazy\" src=\"https:\/\/www2.whoi.edu\/site\/johnsonlab\/wp-content\/uploads\/sites\/51\/2018\/06\/Liz_384533_thumbnail_384534.jpg\" alt=\"Elizabeth Harvey\" height=\"180\" width=\"300\" title=\"Liz_384533_thumbnail_384534\" \/>\n\t<h3>Elizabeth Harvey<\/h3>\n<b>Postdoctoral Investigator<\/b><br \/>\nWoods Hole Oceanographic Institution<br \/>\nWatson Building 213, MS#52<br \/>\nWoods Hole, MA 02543<br \/>\n(508) 289-2592<br \/>\n<a href=\"mailto:eharvey@whoi.edu\">eharvey@whoi.edu<\/a><br \/>\n<a href=\"http:\/\/www.whoi.edu\/profile.do?id=eharvey\" target=\"_blank\" rel=\"noopener noreferrer\">Profile<\/a>\n\t\t\t\t<img loading=\"lazy\" src=\"https:\/\/www2.whoi.edu\/site\/johnsonlab\/wp-content\/uploads\/sites\/51\/2018\/06\/holly_384458_thumbnail_384459.jpg\" alt=\"Holly Moeller\" height=\"271\" width=\"300\" title=\"holly_384458_thumbnail_384459\" \/>\n\t<h3>Holly Moeller<\/h3>\n<b>NSF Postdoctoral Fellow<\/b><br \/>\nWoods Hole Oceanographic Institution<br \/>\nWatson Building 205, MS#52<br \/>\nWoods Hole, MA 02543<br \/>\n(508) 289-3819<br \/>\n<a href=\"mailto:hmoeller@whoi.edu\">hmoeller@whoi.edu<\/a><br \/>\n<a href=\"http:\/\/www.whoi.edu\/profile.do?id=hmoeller\" target=\"_blank\" rel=\"noopener noreferrer\">Profile<\/a>\n<h2>\n\t\tVisiting Scientists\n\t<\/h2>\n\t\t\t\t<img loading=\"lazy\" src=\"https:\/\/www2.whoi.edu\/site\/johnsonlab\/wp-content\/uploads\/sites\/51\/2018\/06\/Elina_384502_thumbnail_384503.jpg\" alt=\"Elina Peltomaa\" height=\"336\" width=\"299\" title=\"Elina_384502_thumbnail_384503\" \/>\n\t<h3>Elina Peltomaa<\/h3>\n<strong>Postdoctoral Researcher<\/strong><br \/>\nDepartment of Environmental Sciences<br \/>\nUniversity of Helsinki, Finland<br \/>\nLammi Biological Station, University of Helsinki,<br \/>\nP\u00e4\u00e4j\u00e4rventie 320, 16900 Lammi, Finland<br \/>\n<a href=\"mailto:elina.peltomaa@helsinki.fi\">elina.peltomaa@helsinki.fi<\/a>\n<h2>\n\t\tUndergraduate Students\n\t<\/h2>\n\t\t\t\t<img loading=\"lazy\" src=\"https:\/\/www2.whoi.edu\/site\/johnsonlab\/wp-content\/uploads\/sites\/51\/2018\/06\/chris2_384460_thumbnail_384461.jpg\" alt=\"Christopher Kirby\" height=\"331\" width=\"299\" title=\"chris2_384460_thumbnail_384461\" \/>\n\t<h3>Christopher Kirby<\/h3>\n<b>WHOI Guest Student<\/b><br \/>\nNortheastern University<br \/>\nSpring 2015\n\t\t\t\t<img loading=\"lazy\" src=\"https:\/\/www2.whoi.edu\/site\/johnsonlab\/wp-content\/uploads\/sites\/51\/2018\/06\/headshot2_385933.jpg\" alt=\"Elaine Luo\" height=\"251\" width=\"252\" title=\"headshot2_385933\" \/>\n\t<h3>Elaine Luo<\/h3>\n<b>WHOI Guest Student<\/b><br \/>\nUniversity of Toronto<br \/>\nSummer 2014\n\t\t\t\t<img loading=\"lazy\" src=\"https:\/\/www2.whoi.edu\/site\/johnsonlab\/wp-content\/uploads\/sites\/51\/2018\/06\/maria2_384504.jpg\" alt=\"Maria Bangal\" height=\"288\" width=\"235\" title=\"maria2_384504\" \/>\n\t<h3>Maria Bangal<\/h3>\n<b>Summer Student Fellow (2011)<\/b><br \/>\nSan Jose State University\n<p>&nbsp;<\/p>\n\t\t\t\t<img loading=\"lazy\" src=\"https:\/\/www2.whoi.edu\/site\/johnsonlab\/wp-content\/uploads\/sites\/51\/2018\/06\/Eleina2_384593.jpg\" alt=\"Eleina Zaitsev\" height=\"216\" width=\"259\" title=\"Eleina2_384593\" \/>\n\t<h3>Eleina Zaitsev<\/h3>\n<b>Summer Student Fellow (2010)<\/b><br \/>\nColumbia University\n<p>&nbsp;<\/p>\n\n","protected":false},"excerpt":{"rendered":"<p>Lab Members Matt Johnson Associate Scientist Woods Hole Oceanographic Institution Watson Building 217, MS#52 Woods Hole, MA 02543 (508) 289-2584 mattjohnson@whoi.edu Profile David Beaudoin Research Associate II Woods Hole Oceanographic Institution 266 Woods Hole Rd. Woods Hole, MA 02543-1050 508 289 2737 dbeaudoin@whoi.edu Profile Elizabeth Harvey Postdoctoral Investigator Woods Hole Oceanographic Institution Watson Building 213,&hellip;<\/p>\n","protected":false},"author":2,"featured_media":0,"parent":0,"menu_order":0,"comment_status":"closed","ping_status":"closed","template":"","meta":[],"_links":{"self":[{"href":"https:\/\/www2.whoi.edu\/site\/johnsonlab\/wp-json\/wp\/v2\/pages\/303"}],"collection":[{"href":"https:\/\/www2.whoi.edu\/site\/johnsonlab\/wp-json\/wp\/v2\/pages"}],"about":[{"href":"https:\/\/www2.whoi.edu\/site\/johnsonlab\/wp-json\/wp\/v2\/types\/page"}],"author":[{"embeddable":true,"href":"https:\/\/www2.whoi.edu\/site\/johnsonlab\/wp-json\/wp\/v2\/users\/2"}],"replies":[{"embeddable":true,"href":"https:\/\/www2.whoi.edu\/site\/johnsonlab\/wp-json\/wp\/v2\/comments?post=303"}],"version-history":[{"count":3,"href":"https:\/\/www2.whoi.edu\/site\/johnsonlab\/wp-json\/wp\/v2\/pages\/303\/revisions"}],"predecessor-version":[{"id":661,"href":"https:\/\/www2.whoi.edu\/site\/johnsonlab\/wp-json\/wp\/v2\/pages\/303\/revisions\/661"}],"wp:attachment":[{"href":"https:\/\/www2.whoi.edu\/site\/johnsonlab\/wp-json\/wp\/v2\/media?parent=303"}],"curies":[{"name":"wp","href":"https:\/\/api.w.org\/{rel}","templated":true}]}}