{"id":881,"date":"2025-04-25T13:35:18","date_gmt":"2025-04-25T17:35:18","guid":{"rendered":"https:\/\/www2.whoi.edu\/site\/picarctic\/?page_id=881"},"modified":"2025-10-16T09:50:01","modified_gmt":"2025-10-16T13:50:01","slug":"ufo","status":"publish","type":"page","link":"https:\/\/www2.whoi.edu\/site\/picarctic\/ufo\/","title":{"rendered":"UFO"},"content":{"rendered":"\n<h1>\n\t\tUpstream Pathways of the Faroe Overflow (UFO)\n\t<\/h1>\n\t\n<h4>UFO is multi-institutional, interdisciplinary effort to study the origin and pathways of the dense water that feeds the Faroe Bank Channel overflow.<\/h4>\n\t\t\t\t<img loading=\"lazy\" src=\"https:\/\/www2.whoi.edu\/site\/picarctic\/wp-content\/uploads\/sites\/146\/2025\/04\/20240912_AMOC_JAN_MAYEN-200-scaled.jpg\" alt=\"Third mate Kris Young and second mate Chris Cudney look out over Jan Mayen. Photo by Hannah Chanatry.\" height=\"1707\" width=\"2560\" title=\"Third mate Kris Young and second mate Chris Cudney look out over Jan Mayen\" \/>\n\t\t\t\t\t\tThird mate Kris Young and second mate Chris Cudney look out over Jan Mayen. Photo by Hannah Chanatry.\n\t\t\t\t<img loading=\"lazy\" src=\"https:\/\/www2.whoi.edu\/site\/picarctic\/wp-content\/uploads\/sites\/146\/2025\/04\/20240917_AMOC_SCIENTISTS-1117-scaled.jpg\" alt=\"Scientists Charlotte Schnepper, Ciara Pimm, Kristin Jackson-Misje look at icebergs off the east coast of Greenland. Photo by Hannah Chanatry.\" height=\"1700\" width=\"2560\" title=\"20240917_AMOC_SCIENTISTS-1117\" \/>\n\t\t\t\t\t\tScientists Charlotte Schnepper, Ciara Pimm, Kristin Jackson-Misje look at icebergs off the east coast of Greenland. Photo by Hannah Chanatry.\n\t\t\t\t<img loading=\"lazy\" src=\"https:\/\/www2.whoi.edu\/site\/picarctic\/wp-content\/uploads\/sites\/146\/2025\/04\/20240925_AMOC_SCIENTISTS-1449-scaled.jpg\" alt=\"Photo by Hannah Chanatry.\" height=\"1707\" width=\"2560\" title=\"20240925_AMOC_SCIENTISTS-1449\" \/>\n\t\t\t\t\t\tPhoto by Hannah Chanatry.\n\t\n<h2>CURRENT NEWS<\/h2>\n\t\t\t\t<img loading=\"lazy\" src=\"https:\/\/www2.whoi.edu\/site\/picarctic\/wp-content\/uploads\/sites\/146\/2025\/08\/ChatGPT-Image-Aug-31-2025-12_43_53-PM.png\" alt=\"ChatGPT Image Aug 31, 2025, 12_43_53 PM\" height=\"1024\" width=\"1536\" title=\"ChatGPT Image Aug 31, 2025, 12_43_53 PM\" \/>\n\t<h2><strong>The 2025 cruise is now complete.<\/strong><\/h2>\n\n<h3><a href=\"https:\/\/www2.whoi.edu\/site\/picarctic\/2025_journal_entries\/\">Read recent journal entries from the field by Dallas Murphy &gt;&gt;\u00a0<\/a><\/h3>\n\t<div id=\"attachment_919\" style=\"width: 310px\" class=\"wp-caption alignleft\"><img aria-describedby=\"caption-attachment-919\" loading=\"lazy\" src=\"https:\/\/www2.whoi.edu\/site\/picarctic\/wp-content\/uploads\/sites\/146\/2025\/04\/Picture1-300x286.gif\" alt=\"\" width=\"300\" height=\"286\" \/><p id=\"caption-attachment-919\" class=\"wp-caption-text\">Schematic circulation of the Nordic Seas. The red arrows denote warm currents and the aqua arrows denote cold currents. The abbreviations are as follows: NAC, Norwegian Atlantic Current; WSC, West Spitsbergen Current; EGC, East Greenland Current; JMC, Jan Mayen Current; EIC, East Icelandic Current; NIIC, North Icelandic Irminger Current; NIJ, North Icelandic Jet; IFSJ, Iceland-Faroe Slope Jet; FC, Faroe Current; JMCh, Jan Mayen Channel.<\/p><\/div>\n<p>The overflow of dense water across the Greenland-Scotland Ridge, and its subsequent entrainment, is a fundamental component of the Atlantic Meridional Overturning Circulation (AMOC) which helps maintain Earth&#8217;s climate. It is critically important to determine the mechanisms, forcing, and variability of the AMOC. The project entitled &#8220;Upstream Pathways of the Faroe Overflow&#8221; (UFO) is multi-institutional, interdisciplinary effort to study the origin and pathways of the dense water that feeds the Faroe Bank Channel overflow. This overflow is the densest component of the AMOC and accounts for a significant portion of the composite overflow across the Greenland-Scotland Ridge. The UFO program includes a mooring array, gliders, hydrographic surveys, and modeling. Together, this will help determine where the densest water is formed in the Nordic Seas, how this water progresses to the Greenland-Scotland Ridge, and how it is modified along the way including the role of atmospheric forcing. This in turn will provide a better understanding of the means by which the warming climate may impact the AMOC.<\/p>\n\t<p>The different institutions participating in UFO are the Woods Hole Oceanographic Institution (WHOI), the <a href=\"https:\/\/www.hav.fo\/\">Faroe Marine Research Institute<\/a> (FAMRI), the <a href=\"https:\/\/www.uib.no\/en\">University of Bergen<\/a> (UiB) Norway, <a href=\"https:\/\/www.norceresearch.no\/en\/\">Norwegian Research Center<\/a> (NORCE), and the <a href=\"https:\/\/www.hafogvatn.is\/en\">Marine and Freshwater Research Institute of Iceland<\/a> (MFRI).<\/p>\n\t<p>Project PIs:<\/p>\n<ul>\n<li>Robert Pickart, WHOI<\/li>\n<li>Mike Spall, WHOI<\/li>\n<li>Karin Margretha Larsen, FAMRI<\/li>\n<li>Hj\u00e1lmar H\u00e1t\u00fan, FAMRI<\/li>\n<li>Kjetil V\u00e5ge, UiB<\/li>\n<li>Ilker Fer, UiB<\/li>\n<li>Andreas Macrander, MFRI<\/li>\n<\/ul>\n\t<p>Project members:<\/p>\n<ul>\n<li>Jie Huang, WHOI postdoctoral investigator<\/li>\n<li>Stefanie Semper, UIB research scientist<\/li>\n<li>Leah McRaven, WHOI research specialist<\/li>\n<li>Ailin Brakstad, UiB research scientist<\/li>\n<\/ul>\n\t<p>Project collaborators:<\/p>\n<ul>\n<li>N\u00faria Casacuberta, ETH Zurich<\/li>\n<li>Margot White, ETH Zurich<\/li>\n<\/ul>\n<h2>\n\t\t<a href=\"https:\/\/www2.whoi.edu\/site\/picarctic\/ufo_publications\/\" title=\"UFO Publications\" target=\"_self\" rel=\"noopener\">\n\t\tUFO Publications\n\t\t<\/a>\n\t<\/h2>\n<h2>\n\t\t<a href=\"https:\/\/www2.whoi.edu\/site\/picarctic\/2024-field-campaign\/\" title=\"2024 Field campaign information and data access\" target=\"_self\" rel=\"noopener\">\n\t\t2024 Field campaign information and data access\n\t\t<\/a>\n\t<\/h2>\n<h2>\n\t\t<a href=\"https:\/\/www2.whoi.edu\/site\/picarctic\/ufo-moorings\/\" title=\"2024-2025 Moored asset information and data access\" target=\"_self\" rel=\"noopener\">\n\t\t2024-2025 Moored asset information and data access\n\t\t<\/a>\n\t<\/h2>\n\n","protected":false},"excerpt":{"rendered":"<p>Upstream Pathways of the Faroe Overflow (UFO) UFO is multi-institutional, interdisciplinary effort to study the origin and pathways of the dense water that feeds the Faroe Bank Channel overflow. Third mate Kris Young and second mate Chris Cudney look out over Jan Mayen. Photo by Hannah Chanatry. Scientists Charlotte Schnepper, Ciara Pimm, Kristin Jackson-Misje look&hellip;<\/p>\n","protected":false},"author":9,"featured_media":0,"parent":0,"menu_order":0,"comment_status":"closed","ping_status":"closed","template":"","meta":[],"_links":{"self":[{"href":"https:\/\/www2.whoi.edu\/site\/picarctic\/wp-json\/wp\/v2\/pages\/881"}],"collection":[{"href":"https:\/\/www2.whoi.edu\/site\/picarctic\/wp-json\/wp\/v2\/pages"}],"about":[{"href":"https:\/\/www2.whoi.edu\/site\/picarctic\/wp-json\/wp\/v2\/types\/page"}],"author":[{"embeddable":true,"href":"https:\/\/www2.whoi.edu\/site\/picarctic\/wp-json\/wp\/v2\/users\/9"}],"replies":[{"embeddable":true,"href":"https:\/\/www2.whoi.edu\/site\/picarctic\/wp-json\/wp\/v2\/comments?post=881"}],"version-history":[{"count":4,"href":"https:\/\/www2.whoi.edu\/site\/picarctic\/wp-json\/wp\/v2\/pages\/881\/revisions"}],"predecessor-version":[{"id":1101,"href":"https:\/\/www2.whoi.edu\/site\/picarctic\/wp-json\/wp\/v2\/pages\/881\/revisions\/1101"}],"wp:attachment":[{"href":"https:\/\/www2.whoi.edu\/site\/picarctic\/wp-json\/wp\/v2\/media?parent=881"}],"curies":[{"name":"wp","href":"https:\/\/api.w.org\/{rel}","templated":true}]}}