{"id":27,"date":"2019-12-18T21:47:58","date_gmt":"2019-12-19T01:47:58","guid":{"rendered":"https:\/\/www2.whoi.edu\/staff\/template-blue-prepop\/?page_id=27"},"modified":"2025-05-23T04:37:42","modified_gmt":"2025-05-23T08:37:42","slug":"publications","status":"publish","type":"page","link":"https:\/\/www2.whoi.edu\/staff\/dbrankovits\/publications\/","title":{"rendered":"Publications &amp; Data"},"content":{"rendered":"\n\n\t<h1>Publications<\/h1>\n\t\t\t\t\t<a href=\"#\" id=\"fl-accordion--label-0\">peer-reviewed articles<\/a>\n\t\t\t\t\t\t\t\t\t\t\t<a href=\"#\" id=\"fl-accordion--icon-0\"><i>Collapse<\/i><\/a>\n\t\t\t\t\t<p>Di Lorenzo, T., Lunghi, E., Aanei, C., Altermatt, F., Alther, R., &#8230; <strong>Brankovits, D.<\/strong>, &#8230; et al. (2024). EU needs groundwater ecosystems guidelines. <em>Science<\/em>, 386(6726), 1103-1103. <a href=\"https:\/\/www.science.org\/doi\/10.1126\/science.ads8140\">doi:\u00a010.1126\/science.ads8140<\/a><\/p>\n<p>&nbsp;<\/p>\n<p>Ganju, N.K., Pohlman, J., Suttles, S., <strong>Brankovits, D.<\/strong> (2024) Hydroacoustic observations reveal drivers of mixing and salinization of a karst subterranean estuary during intense precipitation. <em>Geophysical Research Letters, 51, e2024GL109993. <a href=\"https:\/\/doi.org\/10.1029\/2024GL109993\">doi: 10.1029\/2024GL109993<\/a><\/em>.<\/p>\n<p>&nbsp;<\/p>\n<p>Mammola, S., Altermatt, F., Alther, R., Amorim, I.R., B\u0103ncil\u0103, R.I., Borges, P.A., Brad, T., <strong>Brankovits, D.<\/strong> <em>et al<\/em>. (2024). Perspectives and pitfalls in preserving subterranean biodiversity through protected areas.\u00a0<em>npj Biodiversity<\/em>. 3(1). <a href=\"https:\/\/doi.org\/10.1038\/s44185-023-00035-1\">doi:\u00a010.1038\/s44185-023-00035-1<\/a><\/p>\n<p>&nbsp;<\/p>\n<p>Sacc\u00f2, M., Mammola, S., Altermatt, F., Alther, R., Bolpagni, R., Brancelj, A., <strong>Brankovits, D.<\/strong>, <em>et al<\/em>. (2023) Groundwater is a hidden global keystone ecosystem. <em>Global Change Biology.<\/em>\u00a030 (1), e17066. <a href=\"https:\/\/doi.org\/10.1111\/gcb.17066\">doi:\u00a010.1111\/gcb.17066<\/a><\/p>\n<p>&nbsp;<\/p>\n<p><strong>Brankovits, D.<\/strong>, Pohlman, J.W., Lapham L.L. (2022) Oxygenation of a karst subterranean estuary during a tropical cyclone: Mechanisms and implications for the carbon cycle. <em>Limnology &amp; Oceanography<\/em>. <a href=\"https:\/\/doi.org\/10.1002\/lno.12231\">doi:\u00a010.1002\/lno.12231<\/a><\/p>\n<p>&nbsp;<\/p>\n<p>Ballou, L., <strong>Brankovits, D.<\/strong>, Ch\u00e1vez-Sol\u00eds, E.M. et al. (2022) An integrative re-evaluation of Typhlatya shrimp within the karst aquifer of the Yucat\u00e1n Peninsula, Mexico. <em>Scientific Reports<\/em> 12, 5302. <a href=\"https:\/\/doi.org\/10.1038\/s41598-022-08779-9\">doi:\u00a010.1038\/s41598022-08779-9<\/a><\/p>\n<p>&nbsp;<\/p>\n<p><strong>Brankovits, D.<\/strong>, Little, S.N., Winkler, T.S., Tamalavage, A.E., Mej\u00eda-Ort\u00edz, L.M., Maupin, C.R., Y\u00e1\u00f1ez-Mendoza, G. and van Hengstum, P.J. (2021) Changes in organic matter deposition can impact benthic marine meiofauna in karst subterranean estuaries. <em>Frontiers in Environmental Science <\/em>9, 157<em>.<\/em> <a href=\"https:\/\/www.frontiersin.org\/research-topics\/11135\/subterranean-estuaries\" target=\"_blank\" rel=\"noopener\">doi: 10.3389\/fenvs.2021.670914<\/a><\/p>\n<p>&nbsp;<\/p>\n<p><strong>Brankovits, D.\u00a0<\/strong>&amp; Pohlman, J.W. (2020)\u00a0 Methane oxidation dynamics in a karst subterranean estuary. <em>Geochimica et Cosmochimica Acta<\/em> 277, 320-333<em>. <\/em><a title=\"Persistent link using digital object identifier\" href=\"https:\/\/doi.org\/10.1016\/j.gca.2020.03.007\" target=\"_blank\" rel=\"noreferrer noopener\" aria-label=\"Persistent link using digital object identifier\">doi: 10.1016\/j.gca.2020.03.007<\/a><\/p>\n<p>&nbsp;<\/p>\n<p><strong>Brankovits, D.<\/strong>, Pohlman, J., Ganju, N.K., Iliffe, T., Lowell, N., Roth, E., Sylva, S., Emmert, J., Lapham, L. (2018)\u00a0 Hydrologic controls of methane dynamics in karst subterranean estuaries. <em>Global Biogeochemical Cycles<\/em>\u00a032, 1759-1775. <a href=\"https:\/\/agupubs.onlinelibrary.wiley.com\/doi\/abs\/10.1029\/2018GB006026\" target=\"_blank\" rel=\"noopener\">doi: 10.1029\/2018GB006026<\/a><\/p>\n<p>&nbsp;<\/p>\n<p><strong>Brankovits, D.<\/strong>, Pohlman, J.W., Niemann, H., Leigh, M.B., Leewis, M.-C., Becker, K.W., Iliffe, T.M., Alvarez, F., Lehmann, M.F., Phillips, B. (2017)\u00a0 Methane- and dissolved organic carbon-fueled microbial loop supports a tropical subterranean estuary ecosystem. <em>Nature Communications<\/em>\u00a08, 1835. <a href=\"https:\/\/www.nature.com\/articles\/s41467-017-01776-x\" target=\"_blank\" rel=\"noopener\">doi: 10.1038\/s41467-017-01776-x<\/a> \u00a0 \u00a0 \u00a0 <em><a href=\"https:\/\/www.altmetric.com\/details\/29535083\" target=\"_blank\" rel=\"noopener\">click for Altmetric<\/a><\/em><\/p>\n<p>&nbsp;<\/p>\n<p>Alvarez, F., Iliffe, T., Benitez, S.,\u00a0<strong>Brankovits, D.<\/strong>, Villalobos, J. L. (2015)\u00a0 New records of anchialine fauna from the Yucatan Peninsula, Mexico. <em>Biotaxa Check List<\/em>, 11(1), 1505. <a href=\"https:\/\/checklist.pensoft.net\/article\/19103\/\" target=\"_blank\" rel=\"noopener\">doi:\u00a010.15560\/11.1.1505<\/a><\/p>\n<p>&nbsp;<\/p>\n<p><strong>Brankovits, D.<\/strong>, Halpern, B., Vid\u00e9ki, R., Katona, K., Sz\u00f6v\u00e9nyi, G. (2010)\u00a0 Monitoring Hungarian Meadow Viper (<em>Vipera ursinii rakosiensis<\/em>) habitats in the Kiskuns\u00e1g, Hungary. <em>Allattani Kozlemenyek<\/em> 95(2): 311-325. &#8211; <em>In Hungarian with English summary<\/em><\/p>\n<p>&nbsp;<\/p>\n<p>S\u00e1ndor, I., Katona, K., Sz\u00f6v\u00e9nyi, G., Halpern, B., <strong>Brankovits, D.<\/strong>, P\u00e9chy, T. (2010)\u00a0 Daily activity of the Hungarian meadow viper (<em>Vipera ursinii rakosiensis<\/em>) under semi-natural conditions. <em>Animal welfare, ethology and housing systems<\/em> Vol. 6 Issue 1 (69-83). &#8211; <em>In Hungarian with English summary<\/em><\/p>\n<p>&nbsp;<\/p>\n<p>Katona, K., Halpern, B., Demes, T., Nyeste, M., <strong>Brankovits, D.<\/strong>, S\u00e1ndor, I. (2007) Availability of rodents as prey and their burrows as hiding place in the habitats of the Hungarian Meadow Viper in the Kiskuns\u00e1g. Rosalia (3): Studies on the Conservation of the Hungarian Meadow Viper (186-194) &#8211; <em>In Hungarian with English summary<\/em><\/p>\n\t\t\t\t\t<a href=\"#\" id=\"fl-accordion--label-1\">other articles and book chapters<\/a>\n\t\t\t\t\t\t\t\t\t\t\t<a href=\"#\" id=\"fl-accordion--icon-1\"><i>Expand<\/i><\/a>\n\t\t\t\t\t<p>Mej\u00eda-Ort\u00edz, L.M., Ch\u00e1vez-Sol\u00eds, E.M., <strong>Brankovits<\/strong>, D. (2022) Editorial: The effects of environmental change on anchialine ecosystems. <em>Frontiers in Marine Science<\/em> 9:1029027. <a href=\"https:\/\/doi.org\/10.3389\/fmars.2022.1029027\">doi: 10.3389\/fmars.2022.1029027<\/a><\/p>\n<p>&nbsp;<\/p>\n<p>Keith, D.A., Ferrer-Paris, J.R., Nicholson, E. and Kingsford, R.T. (eds.) (2020). <em>The IUCN Global Ecosystem Typology 2.0: Descriptive profiles for biomes and ecosystem functional groups<\/em>. Gland, Switzerland: IUCN. ISBN: 978-2-8317-2077-7 <a href=\"https:\/\/doi.org\/10.2305\/IUCN.CH.2020.13.en\">doi: 10.2305\/IUCN.CH.2020.13.en<\/a> (<em>co-author contribution to 6 sections in this book<\/em>)<\/p>\n\t\t\t\t\t<a href=\"#\" id=\"fl-accordion--label-2\">published data<\/a>\n\t\t\t\t\t\t\t\t\t\t\t<a href=\"#\" id=\"fl-accordion--icon-2\"><i>Expand<\/i><\/a>\n\t\t\t\t\t<p>Suttles, S.E., Ganju, N.K<strong>., Brankovits, D.<\/strong>, and Pohlman, J.W., (2024) Time-series measurements of acoustic intensity, flow, pressure, water level, conductivity, temperature, and dissolved oxygen collected in a flooded cave at Cenote Bang, Yucatan Peninsula, Tulum, Mexico from March 25, 2018 to August 1, 2018: U.S. Geological Survey data release,\u00a0<a href=\"https:\/\/doi.org\/10.5066\/P1CRRF88\">doi: 10.5066\/P1CRRF88<\/a><\/p>\n<p>&nbsp;<\/p>\n<p><strong>Brankovits, D.<\/strong>, Pohlman, J.W., Lapham, L.L., Casso, M., Mann, A.G., and O&#8217;Keefe Suttles, J.A. (2022) Water column properties and temporal hydrologic and chemical records from flooded caves (Ox Bel Ha and Cenote Crustacea) within the coastal aquifer of the Yucatan Peninsula, Quintana Roo, from December 2013 to January 2015: U.S. Geological Survey data release, <a href=\"https:\/\/doi.org\/10.5066\/P91D2OUN\">doi: 10.5066\/P91D2OUN<\/a><\/p>\n<p>&nbsp;<\/p>\n<p><strong>Brankovits, D.<\/strong> &amp; Pohlman, J.W. (2020)\u00a0 Vertical chemical profiles collected across haloclines in the water column of the Ox Bel Ha cave network within the coastal aquifer of the Yucatan Peninsula in January 2015 and January 2016. U.S. Geological Survey data release. <a href=\"https:\/\/doi.org\/10.5066\/P9N4H6Y4\" target=\"_blank\" rel=\"noopener\">doi:\u00a010.5066\/P9N4H6Y4<\/a><\/p>\n<p>&nbsp;<\/p>\n<p><strong>Brankovits, D.<\/strong>, Pohlman, J.W., Mann, A.G., and Lapham, L.L. (2018)\u00a0 Temporal hydrologic and chemical records from the Ox Bel Ha cave network within the coastal aquifer of the Yucatan Peninsula, from January 2015 to January 2016. U.S. Geological Survey data release. <a href=\"https:\/\/doi.org\/10.5066\/P9U0KRVM\" target=\"_blank\" rel=\"noopener\">doi:\u00a010.5066\/P9U0KRVM<\/a><\/p>\n<p>&nbsp;<\/p>\n<p>Pohlman, J.W. &amp; <strong>Brankovits, D.<\/strong> (2017)\u00a0 Water column physical and chemical properties of Cenote Bang, a component of the Ox Bel Ha cave network within the subterranean estuary coastal aquifer of the Yucatan Peninsula, from December 2013 to January 2016: U.S. Geological Survey data release. <a href=\"https:\/\/doi.org\/10.5066\/F7DJ5DJW\" target=\"_blank\" rel=\"noopener\">doi: 10.5066\/F7DJ5DJW<\/a><\/p>\n\t<h3>Highlighted publications<\/h3>\n<p>&nbsp;<\/p>\n<p><a href=\"https:\/\/www.sciencedirect.com\/science\/article\/abs\/pii\/S001670372030168X\" target=\"_blank\" rel=\"noopener\">Brankovits <em>et al<\/em>., 2020<\/a><\/p>\n<p><img loading=\"lazy\" src=\"https:\/\/www2.whoi.edu\/staff\/dbrankovits\/wp-content\/uploads\/sites\/224\/2020\/03\/Fig7-300x123.jpg\" alt=\"\" width=\"300\" height=\"123\" \/><\/p>\n<p>&nbsp;<\/p>\n<p><a href=\"https:\/\/agupubs.onlinelibrary.wiley.com\/doi\/abs\/10.1029\/2018GB006026\" target=\"_blank\" rel=\"noopener\">Brankovits <em>et al<\/em>., 2018<\/a><\/p>\n<p><img loading=\"lazy\" src=\"https:\/\/www2.whoi.edu\/staff\/dbrankovits\/wp-content\/uploads\/sites\/224\/2019\/12\/Brankovits-et-al-2018-GBC-summary-figure-300x205.jpg\" alt=\"\" width=\"300\" height=\"205\" \/><\/p>\n<p>&nbsp;<\/p>\n<p><a href=\"https:\/\/www.nature.com\/articles\/s41467-017-01776-x\" target=\"_blank\" rel=\"noopener\">Brankovits <em>et al<\/em>., 2017<\/a><\/p>\n<p><img loading=\"lazy\" src=\"https:\/\/www2.whoi.edu\/staff\/dbrankovits\/wp-content\/uploads\/sites\/224\/2019\/12\/Brankovits-et-al-2017-Nat-Comms-summary-conceptual-model-300x199.jpg\" alt=\"\" width=\"300\" height=\"199\" \/><\/p>\n\n","protected":false},"excerpt":{"rendered":"<p>Publications peer-reviewed articles Collapse Di Lorenzo, T., Lunghi, E., Aanei, C., Altermatt, F., Alther, R., &#8230; Brankovits, D., &#8230; et al. (2024). EU needs groundwater ecosystems guidelines. Science, 386(6726), 1103-1103. doi:\u00a010.1126\/science.ads8140 &nbsp; Ganju, N.K., Pohlman, J., Suttles, S., Brankovits, D. (2024) Hydroacoustic observations reveal drivers of mixing and salinization of a karst subterranean estuary during&hellip;<\/p>\n","protected":false},"author":220,"featured_media":0,"parent":0,"menu_order":0,"comment_status":"closed","ping_status":"closed","template":"","meta":[],"_links":{"self":[{"href":"https:\/\/www2.whoi.edu\/staff\/dbrankovits\/wp-json\/wp\/v2\/pages\/27"}],"collection":[{"href":"https:\/\/www2.whoi.edu\/staff\/dbrankovits\/wp-json\/wp\/v2\/pages"}],"about":[{"href":"https:\/\/www2.whoi.edu\/staff\/dbrankovits\/wp-json\/wp\/v2\/types\/page"}],"author":[{"embeddable":true,"href":"https:\/\/www2.whoi.edu\/staff\/dbrankovits\/wp-json\/wp\/v2\/users\/220"}],"replies":[{"embeddable":true,"href":"https:\/\/www2.whoi.edu\/staff\/dbrankovits\/wp-json\/wp\/v2\/comments?post=27"}],"version-history":[{"count":3,"href":"https:\/\/www2.whoi.edu\/staff\/dbrankovits\/wp-json\/wp\/v2\/pages\/27\/revisions"}],"predecessor-version":[{"id":416,"href":"https:\/\/www2.whoi.edu\/staff\/dbrankovits\/wp-json\/wp\/v2\/pages\/27\/revisions\/416"}],"wp:attachment":[{"href":"https:\/\/www2.whoi.edu\/staff\/dbrankovits\/wp-json\/wp\/v2\/media?parent=27"}],"curies":[{"name":"wp","href":"https:\/\/api.w.org\/{rel}","templated":true}]}}