{"id":5,"date":"2019-12-18T21:47:58","date_gmt":"2019-12-19T01:47:58","guid":{"rendered":"https:\/\/www2.whoi.edu\/staff\/template-blue-prepop\/?page_id=5"},"modified":"2024-10-18T04:09:34","modified_gmt":"2024-10-18T08:09:34","slug":"front-page","status":"publish","type":"page","link":"https:\/\/www2.whoi.edu\/staff\/dbrankovits\/","title":{"rendered":"front page"},"content":{"rendered":"\n\n\t<p>Ecosystem Science\u00a0 |\u00a0 Biogeochemistry\u00a0 |\u00a0 Isotope Ecology<\/p>\n\t<p><img loading=\"lazy\" src=\"https:\/\/www2.whoi.edu\/staff\/dbrankovits\/wp-content\/uploads\/sites\/224\/2022\/01\/IMG_1811-scaled-e1643212967664-300x246.jpg\" alt=\"\" width=\"300\" height=\"246\" \/><\/p>\n\t<h2>David Brankovits, PhD<\/h2>\nGuest Investigator<br \/>\nDepartment of Geology &amp; Geophysics\nResearcher &amp; Marie Curie Fellow<br \/>\nNational Research Council of Italy (CNR), Water Research Institute (IRSA), Group: <a href=\"http:\/\/meg.irsa.cnr.it\/\">MEG<\/a>\n<strong>Contact Information:<\/strong><br \/>\ndavid.brankovits@cnr.it<br \/>\ndbrankovits@whoi.edu\n\t<h3>Research Interests<\/h3>\n<p>I study how ecosystems function in coastal and marine environments, and their role in the global carbon cycle.\u00a0\u00a0Main contributions of my research have focused on the biogeochemistry and ecological ramifications of methane and dissolved organic carbon (DOC) in coastal systems.\u00a0 These efforts have resulted in a comprehensive ecosystem function model that integrates landscape-level biogeochemical and hydrological processes and quantifies the magnitude of a greenhouse gas sink in the coastal aquifer.<\/p>\n<p>I am currently a Researcher at <a href=\"http:\/\/meg.irsa.cnr.it\/\">CNR-IRSA<\/a> Italy.<\/p>\n\t<h3>Selected Publications<\/h3>\n<p><strong>Brankovits, D.<\/strong>, Pohlman, J.W., Lapham L.L. (2022) Oxygenation of a karst subterranean estuary during a tropical cyclone: Mechanisms and implications for the carbon cycle. <em>Limnology &amp; Oceanography<\/em>. \u00a0<a href=\"https:\/\/doi.org\/10.1002\/lno.12231\">article link<\/a><\/p>\n<p><strong>Brankovits, D.<\/strong>, Little, S.N., Winkler, T.S., Tamalavage, A.E., Mej\u00eda-Ort\u00edz, L.M., Maupin, C.R., Y\u00e1\u00f1ez-Mendoza, G. and van Hengstum, P.J. (2021) Changes in organic matter deposition can impact benthic marine meiofauna in karst subterranean estuaries. <em>Frontiers in Environmental Science <\/em>9, 157<em>.<\/em>\u00a0 <a href=\"https:\/\/doi.org\/10.3389\/fenvs.2021.670914\">article link<\/a><\/p>\n<p><strong>Brankovits, D.<\/strong> &amp; Pohlman, J.W. (2020)\u00a0 Methane oxidation dynamics in a karst subterranean estuary. <em>Geochimica et Cosmochimica Acta<\/em> 277, 320-333<em>. \u00a0<\/em><a title=\"Persistent link using digital object identifier\" href=\"https:\/\/doi.org\/10.1016\/j.gca.2020.03.007\" target=\"_blank\" rel=\"noreferrer noopener\" aria-label=\"Persistent link using digital object identifier\">article link<\/a><\/p>\n<p><strong>Brankovits, D.<\/strong>, Pohlman, J., Ganju, N.K., Iliffe, T., Lowell, N., Roth, E., Sylva, S., Emmert, J., Lapham, L. (2018)\u00a0 Hydrologic controls of methane dynamics in karst subterranean estuaries. <em>Global Biogeochemical Cycles<\/em> 32, 1759-1775.\u00a0 \u00a0 <em>\u00a0<\/em><a href=\"https:\/\/doi.org\/10.1029\/2018GB006026\" aria-label=\"Digital Object Identifier\">article link<\/a><\/p>\n<p><strong>Brankovits, D.<\/strong>, Pohlman, J.W., Niemann, H., Leigh, M.B., Leewis, M.-C., Becker, K.W., Iliffe, T.M., Alvarez, F., Lehmann, M.F., Phillips, B. (2017)\u00a0 Methane- and dissolved organic carbon-fueled microbial loop supports a tropical subterranean estuary ecosystem. <em>Nature Communications<\/em> 8, 1835.\u00a0 <a href=\"https:\/\/www.nature.com\/articles\/s41467-017-01776-x\">article link<\/a><\/p>\n<p><a href=\"https:\/\/www2.whoi.edu\/staff\/dbrankovits\/publications\/\"><em>Full list of publications<\/em><\/a><\/p>\n\t<h3>Beyond Academia<\/h3>\n<p><a href=\"https:\/\/www.youtube.com\/watch?v=Fyd8WfIggd4\">Check out this video<\/a> about the effects of storms on coastal cave ecosystems!\u00a0 My science communication and public outreach activities include science videos, popular science presentations, interviews for multiple <a href=\"https:\/\/www2.whoi.edu\/staff\/dbrankovits\/news\/\" rel=\"noopener\">media outlets<\/a>, contributions to an <a href=\"https:\/\/www2.whoi.edu\/staff\/dbrankovits\/award-winning-nature-documentary-featuring-cave-science\/\" rel=\"noopener\">award winning nature documentary<\/a>, and collaborations with educational organizations that serve the public (e.g., Moody Gardens Aquarium and the Harvard National History Museum).<\/p>\n<p><iframe loading=\"lazy\" title=\"How storms help underwater caves breathe?\" width=\"500\" height=\"281\" src=\"https:\/\/www.youtube.com\/embed\/Fyd8WfIggd4?feature=oembed\" frameborder=\"0\" allow=\"accelerometer; autoplay; clipboard-write; encrypted-media; gyroscope; picture-in-picture\" allowfullscreen><\/iframe><\/p>\n\t<h3>Education<\/h3>\n<p>Ph.D.: Marine Biology. 2017. Texas A&amp;M University at Galveston.<\/p>\n<p>M.S.: Biology. 2009. E\u00f6tv\u00f6s Lor\u00e1nd University, Budapest.<\/p>\n\t<h3>Gallery<\/h3>\n<p><a href=\"https:\/\/www2.whoi.edu\/staff\/dbrankovits\/gallery\"><img loading=\"lazy\" src=\"https:\/\/www2.whoi.edu\/staff\/dbrankovits\/wp-content\/uploads\/sites\/224\/2019\/12\/field_4-300x225.jpg\" alt=\"\" width=\"300\" height=\"225\" \/><\/a><\/p>\n\n","protected":false},"excerpt":{"rendered":"<p>Ecosystem Science\u00a0 |\u00a0 Biogeochemistry\u00a0 |\u00a0 Isotope Ecology David Brankovits, PhD Guest Investigator Department of Geology &amp; Geophysics Researcher &amp; Marie Curie Fellow National Research Council of Italy (CNR), Water Research Institute (IRSA), Group: MEG Contact Information: david.brankovits@cnr.it dbrankovits@whoi.edu Research Interests I study how ecosystems function in coastal and marine environments, and their role in the&hellip;<\/p>\n","protected":false},"author":220,"featured_media":0,"parent":0,"menu_order":0,"comment_status":"closed","ping_status":"closed","template":"","meta":[],"_links":{"self":[{"href":"https:\/\/www2.whoi.edu\/staff\/dbrankovits\/wp-json\/wp\/v2\/pages\/5"}],"collection":[{"href":"https:\/\/www2.whoi.edu\/staff\/dbrankovits\/wp-json\/wp\/v2\/pages"}],"about":[{"href":"https:\/\/www2.whoi.edu\/staff\/dbrankovits\/wp-json\/wp\/v2\/types\/page"}],"author":[{"embeddable":true,"href":"https:\/\/www2.whoi.edu\/staff\/dbrankovits\/wp-json\/wp\/v2\/users\/220"}],"replies":[{"embeddable":true,"href":"https:\/\/www2.whoi.edu\/staff\/dbrankovits\/wp-json\/wp\/v2\/comments?post=5"}],"version-history":[{"count":3,"href":"https:\/\/www2.whoi.edu\/staff\/dbrankovits\/wp-json\/wp\/v2\/pages\/5\/revisions"}],"predecessor-version":[{"id":414,"href":"https:\/\/www2.whoi.edu\/staff\/dbrankovits\/wp-json\/wp\/v2\/pages\/5\/revisions\/414"}],"wp:attachment":[{"href":"https:\/\/www2.whoi.edu\/staff\/dbrankovits\/wp-json\/wp\/v2\/media?parent=5"}],"curies":[{"name":"wp","href":"https:\/\/api.w.org\/{rel}","templated":true}]}}