{"id":27,"date":"2017-10-17T13:11:08","date_gmt":"2017-10-17T17:11:08","guid":{"rendered":"https:\/\/www2.whoi.edu\/staff\/template-blue-prepop\/?page_id=27"},"modified":"2020-11-14T12:38:10","modified_gmt":"2020-11-14T16:38:10","slug":"publications","status":"publish","type":"page","link":"https:\/\/www2.whoi.edu\/staff\/jledwell\/publications\/","title":{"rendered":"Publications"},"content":{"rendered":"\n\t<h1>Publications<\/h1>\n<p>1. Ledwell, J. R. (1984), <a href=\"ftp:\/\/ftp.whoi.edu\/pub\/users\/jledwell\/Cannata\/1984_variation_of_the_gas_transfer.pdf\">The variation of the gas transfer coefficient with molecular diffusivity, in Gas Transfer at Water Surfaces<\/a>,\u00a0edited by W. Brutsaert and G. H. Jirka, pp. 293\u2013302, Reidel, Dordrecht, Netherlands.<\/p>\n<p>2. Wanninkhof, R., J. R. Ledwell, and W. S. Broecker (1985), Gas exchange-wind speed relation measured with sulfur hexafluoride on a lake, <em>Science, 227<\/em>(4691), 1224\u20131226, doi:10.1126\/science.227.4691.1224<cite><\/cite>.<\/p>\n<p>3. Smethie, W. M., Jr., T. Takahashi, D. W. Chipman, and J. R. Ledwell (1985), <a href=\"ftp:\/\/ftp.whoi.edu\/pub\/users\/jledwell\/Cannata\/1985_gas_exchange_CO2_tropical_atlantic.pdf\">Gas exchange and CO<sub>2<\/sub> flux in the tropical Atlantic Ocean determined from <sup>222<\/sup>Rn and <sub><em>p<\/em><\/sub>CO<sub>2<\/sub> measurements<\/a>, <em>J. Geophys. Res., 90<\/em>(C4), 7005\u20137022, doi:10.1029\/JC090iC04p07005.<\/p>\n<p>4. Ledwell, J. R., A. J. Watson, and W. S. Broecker (1986), <a href=\"ftp:\/\/ftp.whoi.edu\/pub\/users\/jledwell\/Cannata\/1986_deliberate_tracer_experiment.pdf\">A deliberate tracer experiment in Santa Monica Basin<\/a>, <em>Nature, 323<\/em>(6086), 322\u2013324, doi:10.1038\/323322a0.<\/p>\n<p>5. Broecker, W. S., J. R. Ledwell, T. Takahashi, R. Weiss, L. Merlivat, L. Memery, T.-H. Peng, B. Jahne, and K. O. Munnich (1986), <a href=\"ftp:\/\/ftp.whoi.edu\/pub\/users\/jledwell\/Cannata\/1986_isotopic_vs_micrometeorologic_CO2_flux.pdf\">Isotope versus micrometeorological ocean CO<sub>2<\/sub> fluxes: A serious conflict<\/a>, <em>J. Geophys. Res<\/em>., <em>91<\/em>(C9), 10517\u201310527, doi:10.1029\/JC091iC09p10517.<\/p>\n<p>6. Watson, A. J., M. I. Liddicoat, and J. R. Ledwell (1987), <a href=\"ftp:\/\/ftp.whoi.edu\/pub\/users\/jledwell\/Cannata\/1987_perfluorodecalin_sulfur_hexafluoride_tracers.pdf\">Perfluorodecalin and sulfur hexafluoride as purposeful marine tracers: Some deployment and analysis techniques<\/a>, <em>Deep Sea Res. Part A, 34<\/em>(1), 19\u201331, doi:<a href=\"http:\/\/dx.doi.org\/10.1016\/0198-0149%2887%2990118-X\" target=\"doilink\" rel=\"noopener noreferrer\">http:\/\/dx.doi.org\/10.1016\/0198-0149(87)90118-X<\/a>.<\/p>\n<p>7. Wanninkhof, R., J. R. Ledwell, W. S. Broecker, and M. Hamilton (1987), <a href=\"ftp:\/\/ftp.whoi.edu\/pub\/users\/jledwell\/Cannata\/1987_gas_exchange_mono_lake_crowley_lake.pdf\">Gas exchange on Mono Lake and Crowley Lake, California<\/a>, <em>J. Geophys. Res., 92<\/em>(C13), 14567\u201314580, doi:10.1029\/JC092iC13p14567.<\/p>\n<p>8. Opdyke, B. N., G. Gust, and J. R. Ledwell (1987), <a href=\"ftp:\/\/ftp.whoi.edu\/pub\/users\/jledwell\/Cannata\/1987_mass_transfer_smooth_alabaster_surfaces.pdf\">Mass transfer from smooth alabaster surfaces in turbulent flows<\/a>, <em>Geophys. Res. Lett., 14<\/em>(11), 1131\u20131134, doi:10.1029\/GL014i011p01131.<\/p>\n<p>9. Watson, A. J., J. R. Ledwell, D. J. Webb, and C. Wunsch (1988), Purposefully released tracers [and Discussion], <em>Phil. Trans. R. Soc. Lond. A, 325<\/em>(1583), 189\u2013200, doi:<a href=\"http:\/\/www.jstor.org\/stable\/38109\">http:\/\/www.jstor.org\/stable\/38109<\/a>.<\/p>\n<p>10. Ledwell, J. R., and A. J. Watson (1988), The use of deliberately injected tracers for the study of diapycnal mixing in the ocean, in <em>Small-Scale Turbulence and Mixing in the Ocean, Proceedings of the 19th International Li\u00e8ge Colloquium on Ocean Hydrodynamics<\/em>, Li\u00e8ge, Belgium, 4\u20138 May 1987, edited by J. C. J. Nihoul and B. M. Jamart, vol. 46, pp. 11\u201320, Elsevier, Amsterdam.<\/p>\n<p>11. Watson, A. J., J. R. Ledwell, and S. C. Sutherland (1991), <a href=\"ftp:\/\/ftp.whoi.edu\/pub\/users\/jledwell\/Cannata\/1991_santa_monica_basin_tracer_comparison.pdf\">The Santa Monica Basin tracer experiment: Comparison of release methods and performance of perfluorodecalin and sulfur hexafluoride<\/a>, <em>J. Geophys. Res., 96<\/em>(C5), 8719\u20138725, doi:10.1029\/91JC00105.<\/p>\n<p>12. Wanninkhof, R., J. R. Ledwell, and A. J. Watson (1991), <a href=\"ftp:\/\/ftp.whoi.edu\/pub\/users\/jledwell\/Cannata\/1991_analysis_sulfur_hydroxide_in_seawater.pdf\">Analysis of sulfur hexafluoride in seawater<\/a>,<em> J. Geophys. Res., 96<\/em>(C5), 8733\u20138740, doi:10.1029\/91JC00104.<\/p>\n<p>13. Ledwell, J. R., A. J. Watson, K. W. Doherty, and W. M. Berelson (1991), Integrating samplers for the deep sea, <em>J. Geophys. Res., 96<\/em>(C5), 8727\u20138732, doi:10.1029\/91JC00103.<\/p>\n<p>14. Ledwell, J. R. and A. J. Watson (1991), <a href=\"ftp:\/\/ftp.whoi.edu\/pub\/users\/jledwell\/Cannata\/1991_santa_monica_basin_experiment.pdf\">The Santa Monica Basin tracer experiment: A study of\u00a0 diapycnal and isopycnal mixing<\/a>, <em>J. Geophys. Res., 96<\/em>(C5), 8695\u20138718, doi:10.1029\/91JC00102.<\/p>\n<p>15. Ledwell, J. R., A. J. Watson, and C. S. Law (1993), <a href=\"ftp:\/\/ftp.whoi.edu\/pub\/users\/jledwell\/Cannata\/1993_evidence_for_slow_mixing.pdf\">Evidence for slow mixing across the pycnocline from an open ocean tracer release experiment<\/a>, <em>Nature, 364<\/em>(6439), 701\u2013703, doi:10.1038\/364701a0.<\/p>\n<p>16. Ledwell, J. R., and B. M. Hickey (1995), <a href=\"ftp:\/\/ftp.whoi.edu\/pub\/users\/jledwell\/Cannata\/1995_enhanced_mixing_in_santa_monica.pdf\">Evidence for enhanced boundary mixing in Santa Monica Basin<\/a>, <em>J. Geophys. Res., 100<\/em>(C10), 20665\u201320679, doi:10.1029\/94JC01182.<\/p>\n<p>17. Ledwell, J. R., and A. Bratkovich (1995), <a href=\"ftp:\/\/ftp.whoi.edu\/pub\/users\/jledwell\/Cannata\/1995_tracer_study_mixing_santa_cruz_basin.pdf\">A tracer study of mixing in Santa Cruz Basin<\/a>, <em>J. Geophys. Res., 100<\/em>(C10), 20681\u201320704, doi:10.1029\/95JC02164.<\/p>\n<p>18. Polzin, K. L., J. M. Toole, J. R. Ledwell, and R. W. Schmitt (1997), <a href=\"ftp:\/\/ftp.whoi.edu\/pub\/users\/jledwell\/Cannata\/1997_spatial_variability.pdf\">Spatial variability of turbulent mixing in the abyssal ocean<\/a>, <em>Science, 276<\/em>(5309), 93\u201396, doi:10.1126\/science.276.5309.93.<\/p>\n<p>19. Ledwell, J. R., A. J. Watson, and C. S. Law (1998), <a href=\"ftp:\/\/ftp.whoi.edu\/pub\/users\/jledwell\/Cannata\/1998_mixing_in_the_pycnocline.pdf\">Mixing of a tracer in the pycnocline<\/a>, <em>J. Geophys. Res., 103<\/em>(C10), 21499\u201321529, doi:10.1029\/98JC01738.<\/p>\n<p>20. Watson, A. J., M.-J. Messias, E. Fogelqvist, K. A. Van Scoy, T. Johannessen, K. I. C. Oliver, D. P. Stevens, F. Rey, T. Tanhua, K. A. Olsson, F. Carse, K. Simonsen, J. R. Ledwell, E. Jansen, D. J. Cooper, J. A. Kruepke, and E. Guilyardi (1999), <a href=\"http:\/\/www.uea.ac.uk\/~dps\/publications\/Wetal99.pdf\">Mixing and convection in the Greenland Sea from a tracer-release experiment<\/a>, <em>Nature, 401<\/em>(6756), 902\u2013904, doi:10.1038\/44807.<\/p>\n<p>21. Watson, A. J., and J. R. Ledwell (2000), <a href=\"ftp:\/\/ftp.whoi.edu\/pub\/users\/jledwell\/Cannata\/2000_oceanographic_tracer_release.pdf\">Oceanographic tracer release experiments using sulfur hexafluoride<\/a>, <em>J. Geophys. Res<\/em>., <em>105<\/em>(C6), 14325\u201314337, doi:10.1029\/1999JC900272.<\/p>\n<p>22. Ledwell, J. R., E. T. Montgomery, K. L. Polzin, L. C. St. Laurent, R. W. Schmitt, and J. M. Toole (2000), <a href=\"ftp:\/\/ftp.whoi.edu\/pub\/users\/jledwell\/Cannata\/2000_enhanced_mixing.pdf\">Evidence for enhanced mixing over rough topography in the abyssal ocean<\/a>, <em>Nature<\/em>, <em>403<\/em>(6766), 179\u2013182, doi:10.1038\/35003164.<\/p>\n<p>23. Sundermeyer, M. A., and J. R. Ledwell (2001), <a href=\"ftp:\/\/ftp.whoi.edu\/pub\/users\/jledwell\/Cannata\/2001_lateral_dispersion_analysis.pdf\">Lateral dispersion over the continental shelf: Analysis of dye-release experiments<\/a>, <em>J. Geophys. Res<\/em>., <em>106<\/em>(C5), 9603\u20139622, doi:10.1029\/2000JC900138.<\/p>\n<p>24. Lynch, D. R., <em>et al<\/em>. (2001), <a href=\"ftp:\/\/ftp.whoi.edu\/pub\/users\/jledwell\/Cannata\/2001_real_time_data_assimilative_modeling.pdf\">Real-time data assimilative modeling on Georges Bank<\/a>, <em>Oceanography,<\/em> <em>14<\/em>(1), 65\u201377, doi:<a href=\"http:\/\/dx.doi.org\/10.5670\/oceanog.2001.50\">http:\/\/dx.doi.org\/10.5670\/oceanog.2001.50<\/a>.<\/p>\n<p>25. Ledwell, J. R., T. F. Duda, M. A. Sundermeyer, and H. E. Seim (2004), Mixing in a coastal environment: 1. A view from dye dispersion, <em>J. Geophys. Res<\/em>., <em>109<\/em>, C10013, 20 pp., doi:10.1029\/2003JC002194.<\/p>\n<p>26. Thurnherr, A. M., L. C. St. Laurent, K. G. Speer, J. M. Toole, and J. R. Ledwell (2005), <a href=\"ftp:\/\/ftp.whoi.edu\/pub\/users\/jledwell\/Cannata\/2005_mixing_associated_sills_in_canyon.pdf\">Mixing associated with sills in a canyon on the mid-ocean ridge flank<\/a>, <em>J. Phys. Oceanogr.<\/em>, <em>35<\/em>(8), 1370\u20131381, doi:<a href=\"http:\/\/dx.doi.org\/10.1175\/JPO2773.1\">http:\/\/dx.doi.org\/10.1175\/JPO2773.1<\/a>.<\/p>\n<p>27. Sundermeyer, M. A., J. R. Ledwell, N. S. Oakey, and B. J. W. Greenan (2005), <a href=\"ftp:\/\/ftp.whoi.edu\/pub\/users\/jledwell\/Cannata\/2005_stirring_by_small_scale_patches.pdf\">Stirring by small-scale vortices caused by patchy mixing<\/a>, <em>J. Phys. Oceanogr.<\/em>, <em>35<\/em>(7), 1245\u20131262, doi:<a href=\"http:\/\/dx.doi.org\/10.1175\/JPO2713.1\">http:\/\/dx.doi.org\/10.1175\/JPO2713.1<\/a>.<\/p>\n<p>28. Schmitt, R. W., J. R. Ledwell, E. T. Montgomery, K. L. Polzin, and J. M. Toole (2005), <a href=\"ftp:\/\/ftp.whoi.edu\/pub\/users\/jledwell\/Cannata\/2005_enhanced_diapycnal_mixing.pdf\">Enhanced diapycnal mixing by salt fingers in the thermocline of the Tropical Atlantic<\/a>, <em>Science<\/em>, <em>308<\/em>(5722), 685\u2013688, doi:10.1126\/science.1108678.<\/p>\n<p>29. Proehl, J. A., D. R. Lynch, D. J. McGillicuddy Jr., J. R. Ledwell (2005), <a href=\"ftp:\/\/ftp.whoi.edu\/pub\/users\/jledwell\/Cannata\/2005_modeling_turbulent_dispersion.pdf\">Modeling turbulent dispersion on the North Flank of Georges Bank using Lagrangian particle methods<\/a>, <em>Cont. Shelf Res<\/em>., <em>25<\/em>(7-8), 875\u2013900, doi:<a href=\"http:\/\/dx.doi.org\/10.1016\/j.csr.2004.09.022\" target=\"doilink\" rel=\"noopener noreferrer\">http:\/\/dx.doi.org\/10.1016\/j.csr.2004.09.022<\/a>.<\/p>\n<p>30. Terray, E. A., J. R. Ledwell, M. A. Sundermeyer, T. Donoghue, S. Bobra, A. G. Cunningham, P. E. LaRoque, J. Banic, W. J. Lillycrop, and C. E. Wiggins (2005), Airborne fluorescence imaging of the ocean mixed layer, in <em>Proceedings, 2005 IEEE\/OES\/CMTC Eighth Working Conference on Current Measurement Technology (CMTC)<\/em>, Southampton, U.K, 28\u201329 June, pp. 76\u201381, doi:<a href=\"http:\/\/dx.doi.org\/10.1109\/CCM.2005.1506341\" target=\"blank\" rel=\"noopener noreferrer\">10.1109\/CCM.2005.1506341<\/a>.<\/p>\n31. Sundermeyer, M. A., E. A. Terray, J. R. Ledwell, A. G. Cunningham, P. E. LaRocque, J. Banic, and W. J. Lillycrop (2007), <a href=\"http:\/\/dx.doi.org\/10.1175\/JTECH2027.1\" target=\"_blank\" rel=\"noopener noreferrer\">Three-dimensional mapping of fluorescent dye using a scanning, depth-resolving airborne Lidar<\/a>, <em>J. Atmos. Oceanic Technol., 24<\/em>(6), 1050\u20131065, doi:<a href=\"http:\/\/dx.doi.org\/10.1175\/JTECH2027.1\" target=\"_blank\" rel=\"noopener noreferrer\">http:\/\/dx.doi.org\/10.1175\/JTECH2027.1<\/a>.<em><br \/>\n<\/em>\n<p>32. McGillicuddy, D. J., Jr., L. A. Anderson, N. R. Bates, T. Bibby, K. O. Buesseler, C. Carlson, C. S. Davis, C. Ewart, P. G. Falkowski, S. A. Goldthwait, D. A. Hansell, W. J. Jenkins, R. Johnson, V. K. Kosnyrev, J. R. Ledwell, Q. P. Li, D. A. Siegel, and D. K. Steinberg (2007), <a href=\"ftp:\/\/ftp.whoi.edu\/pub\/users\/jledwell\/Cannata\/2007_eddy_wind.pdf\">Eddy-wind interactions stimulate extraordinary mid-ocean plankton blooms<\/a>, <em>Science, 316<\/em>(5827), 1021\u20131026, doi:10.1126\/science.1136256.<\/p>\n<p>33. Messias M-J., A. J. Watson, T. Johannessen, K. I. C. Oliver, K. A. Olsson, E. Fogelqvist, J. Olafsson, S. Bacon, J. Balle, N. Bergman, G. Bud\u00e9us, M. Danielsen, J.-C. Gascard, E. Jeansson, S. R. \u00d3lafsd\u00f3ttir, K. Simonsen, T. Tanhua, K. Van Scoy, and J. R. Ledwell (2008), <a href=\"ftp:\/\/ftp.whoi.edu\/pub\/users\/jledwell\/Cannata\/2008_greenland_sea_tracer_experiment.pdf\">The Greenland Sea tracer experiment 1996-2002: Horizontal mixing and transport of Greenland Sea Intermediate Water<\/a>, <em>Prog. Oceanogr., 78<\/em>, 85\u2013105, doi:10.1016\/j.pocean.2007.06.005.<\/p>\n<p>34. Ledwell, J. R., D. J. McGillicuddy Jr., and L. A. Anderson (2008), <a href=\"ftp:\/\/ftp.whoi.edu\/pub\/users\/jledwell\/Cannata\/2008_nutrient_flux_into_deep_chlorophyll.pdf\">Nutrient flux into an intense deep chlorophyll layer in a mode-water eddy<\/a>, <em>Deep Sea Res. Part II<\/em>, <em>55<\/em>(10-13), 1139\u20131160, doi:10.1016\/j.dsr2.2008.02.005.<\/p>\n<p>35. Ho, D. T., J. R. Ledwell, and W. M. Smethie, Jr. (2008), <a href=\"ftp:\/\/ftp.whoi.edu\/pub\/users\/jledwell\/Cannata\/2008_use_of_sf5cf3.pdf\">Use of SF<sub>5<\/sub>CF<sub>3<\/sub> for ocean tracer release experiments<\/a>, <em>Geophys. Res. Lett.<\/em>, <em>35<\/em>(4), L04602, 5 pp., doi:10.1029\/2007GL032799.<\/p>\n<p>36. Lavelle, J. W., A. M. Thurnherr, J. R. Ledwell, D. J. McGillicuddy Jr., and L. S. Mullineaux (2010), <a href=\"ftp:\/\/ftp.whoi.edu\/pub\/users\/jledwell\/Cannata\/2010_deep_ocean_circulation_and_transport_EPrise.pdf\">Deep ocean circulation and transport where the East Pacific Rise at 9-10\u00b0N meets the Lamont seamount chain<\/a>, <em>J. Geophys. Res., <\/em><em>115<\/em>, C12073, 25 pp., doi:10.1029\/2010JC006426.<\/p>\n<p>37. Jackson, P. R., J. R. Ledwell, and A. M. Thurnherr (2010), <a href=\"ftp:\/\/ftp.whoi.edu\/pub\/users\/jledwell\/Cannata\/2010_dispersion_of_tracer_EPrise.pdf\">Dispersion of a tracer on the East Pacific Rise (9\u00b0N to 10\u00b0N), including the influence of hydrothermal plumes<\/a>, <em>Deep-Sea Res. Part I, 57<\/em>(1), 37\u201352, doi:<a href=\"http:\/\/dx.doi.org\/10.1016\/j.dsr.2009.10.011\" target=\"doilink\" rel=\"noopener noreferrer\">http:\/\/dx.doi.org\/10.1016\/j.dsr.2009.10.011<\/a>.<\/p>\n<p>38. Thurnherr, A. M., J. R. Ledwell, J. W. Lavelle, and L. S. Mullineaux (2011), <a href=\"ftp:\/\/ftp.whoi.edu\/pub\/users\/jledwell\/Cannata\/2011_hydrography_and_circulation_EPrise.pdf\">Hydrography and circulation near the crest of the East Pacific Rise between 9\u00b0N and 10\u00b0N<\/a>, <em>Deep Sea Res. Part I<\/em>,<em> 58<\/em>, 365\u2013376, doi:<a href=\"http:\/\/dx.doi.org\/10.1016\/j.dsr.2011.01.009\" target=\"doilink\" rel=\"noopener noreferrer\">http:\/\/dx.doi.org\/10.1016\/j.dsr.2011.01.009<\/a>.<\/p>\n<p>39. Ledwell, J. R., L. C. St. Laurent, J. B. Girton, and J. M. Toole (2011), <a href=\"ftp:\/\/ftp.whoi.edu\/pub\/users\/jledwell\/Cannata\/2011_diapycnal_mixing_antarctic_circumpolar.pdf\">Diapycnal mixing in the Antarctic Circumpolar Current<\/a>, <em>J. Phys. Oceanogr.<\/em>, <em>41<\/em>, 241\u2013246, doi:<a href=\"http:\/\/dx.doi.org\/10.1175\/2010JPO4557.1\">http:\/\/dx.doi.org\/10.1175\/2010JPO4557.1<\/a>.<\/p>\n40. Lavelle, J. W., A. M. Thurnherr, L. S. Mullineaux, D. J. McGillicuddy Jr., and J. R. Ledwell (2012), <a href=\"ftp:\/\/ftp.whoi.edu\/pub\/users\/jledwell\/Cannata\/2012_flank_jets_mid_ocean_ridges.pdf\">The prediction, verification, and significance of flank jets at mid-ocean ridges<\/a>, <em>Oceanography<\/em>, <em>25<\/em>(1), 277\u2013283, doi:<a href=\"http:\/\/dx.doi.org\/10.5670\/oceanog.2012.26\">http:\/\/dx.doi.org\/10.5670\/oceanog.2012.26<\/a>.<br \/>\n\n<p>41. Rye, C. D., M.-J. Messias., J. R. Ledwell, A. J. Watson, A. Brousseau, and B. A. King (2012), <a href=\"ftp:\/\/ftp.whoi.edu\/pub\/users\/jledwell\/Cannata\/2012_diapycnal_diffusivities_tracer_13yrs.pdf\">Diapycnal diffusitivities from a tracer release experiment in the deep sea, integrated over 13 years<\/a>, <em>Geophys. Res. Lett.<\/em>, <em>39<\/em>(4), L04603, 4 pp., doi:10.1029\/2011GL050294.<\/p>\n<p>42. St. Laurent, L., A. C. Naveira Garabato, J. R. Ledwell, A. M. Thurnherr, J. M. Toole, and A. J. Watson (2012), <a href=\"ftp:\/\/ftp.whoi.edu\/pub\/users\/jledwell\/Cannata\/2012_turbulence_diapycnal_mixing_Drake.pdf\">Turbulence and diapycnal mixing in Drake Passage<\/a>, <em>J. Phys. Oceanogr., <\/em><em>42<\/em>, 2143\u20132152, doi:<a href=\"http:\/\/dx.doi.org\/10.1175\/JPO-D-12-027.1\">http:\/\/dx.doi.org\/10.1175\/JPO-D-12-027.1<\/a>.<\/p>\n<p>43. Mullineaux, L. S., D. J. McGillicuddy Jr., S. W. Mills, V. K. Kosneyrev, A. M. Thurnherr, J. R. Ledwell, and J. W. Lavelle (2013), <a href=\"ftp:\/\/ftp.whoi.edu\/pub\/users\/jledwell\/Cannata\/2013_positioning_ventlarvae_midocean_ridge.pdf\">Active positioning of vent larvae at a mid-ocean ridge<\/a>, <em>Deep-Sea Res. Part II<\/em>, <em>92<\/em>, 46\u201357, doi:<a href=\"http:\/\/dx.doi.org\/10.1016\/j.dsr2.2013.03.032\" target=\"doilink\" rel=\"noopener noreferrer\">http:\/\/dx.doi.org\/10.1016\/j.dsr2.2013.03.032<\/a>.<\/p>\n<p>44. Sheen, K. L., J. A. Brearley, A. C. Naveira Garabato, D. A. Smeed, S. Waterman, J. R. Ledwell, M. P. Meredith, L. St. Laurent, A. M. Thurnherr, J. M. Toole, and A. J. Watson (2013), <a href=\"ftp:\/\/ftp.whoi.edu\/pub\/users\/jledwell\/Cannata\/2013_rates_turbulent_dissipation_DIMES.pdf\">Rates and mechanisms of turbulent dissipation and mixing in the Southern Ocean: Results from the Diapycnal and Isopycnal Mixing Experiment in the Southern Ocean (DIMES)<\/a>, <em>J. Geophys. Res. Oceans, <\/em><em>118<\/em>, 2774\u20132792, doi:10.1002\/jgrc.20217.<\/p>\n<p>45. Watson, A. J., J. R. Ledwell, M.-J. Messias, N. Mackay, M. P. Meredith, B. Mills, and A. C. Naveira Garabato (2013), <a href=\"ftp:\/\/ftp.whoi.edu\/pub\/users\/jledwell\/Cannata\/2013_rapid_crossdensity_mixing_Drake_tracer.pdf\">Rapid cross-density ocean mixing at mid depths in Drake Passage<\/a>, <em>Nature<\/em>,<em> 501<\/em>(7467), 408\u2013411, doi:10.1038\/nature12432.<\/p>\n\t<h3>Download\u00a0full list<\/h3>\n<a href=\"https:\/\/www2.whoi.edu\/staff\/jledwell\/wp-content\/uploads\/sites\/131\/2017\/10\/Ledwell_CV_Sep2017.pdf\" target=\"_blank\" rel=\"noopener noreferrer\"><img loading=\"lazy\" src=\"https:\/\/www2.whoi.edu\/staff\/wp-content\/uploads\/sites\/3\/2017\/03\/PDF.png\" alt=\"pdf\" width=\"38\" height=\"40\" \/><br \/>\n<\/a>\n","protected":false},"excerpt":{"rendered":"<p>Publications 1. Ledwell, J. R. (1984), The variation of the gas transfer coefficient with molecular diffusivity, in Gas Transfer at Water Surfaces,\u00a0edited by W. Brutsaert and G. H. Jirka, pp. 293\u2013302, Reidel, Dordrecht, Netherlands. 2. Wanninkhof, R., J. R. Ledwell, and W. S. Broecker (1985), Gas exchange-wind speed relation measured with sulfur hexafluoride on a&hellip;<\/p>\n","protected":false},"author":130,"featured_media":0,"parent":0,"menu_order":0,"comment_status":"closed","ping_status":"closed","template":"","meta":[],"_links":{"self":[{"href":"https:\/\/www2.whoi.edu\/staff\/jledwell\/wp-json\/wp\/v2\/pages\/27"}],"collection":[{"href":"https:\/\/www2.whoi.edu\/staff\/jledwell\/wp-json\/wp\/v2\/pages"}],"about":[{"href":"https:\/\/www2.whoi.edu\/staff\/jledwell\/wp-json\/wp\/v2\/types\/page"}],"author":[{"embeddable":true,"href":"https:\/\/www2.whoi.edu\/staff\/jledwell\/wp-json\/wp\/v2\/users\/130"}],"replies":[{"embeddable":true,"href":"https:\/\/www2.whoi.edu\/staff\/jledwell\/wp-json\/wp\/v2\/comments?post=27"}],"version-history":[{"count":3,"href":"https:\/\/www2.whoi.edu\/staff\/jledwell\/wp-json\/wp\/v2\/pages\/27\/revisions"}],"predecessor-version":[{"id":264,"href":"https:\/\/www2.whoi.edu\/staff\/jledwell\/wp-json\/wp\/v2\/pages\/27\/revisions\/264"}],"wp:attachment":[{"href":"https:\/\/www2.whoi.edu\/staff\/jledwell\/wp-json\/wp\/v2\/media?parent=27"}],"curies":[{"name":"wp","href":"https:\/\/api.w.org\/{rel}","templated":true}]}}