{"id":193,"date":"2021-07-08T13:06:05","date_gmt":"2021-07-08T17:06:05","guid":{"rendered":"https:\/\/www2.whoi.edu\/staff\/mceballosromero\/?page_id=193"},"modified":"2024-06-21T11:01:13","modified_gmt":"2024-06-21T15:01:13","slug":"publicaciones","status":"publish","type":"page","link":"https:\/\/www2.whoi.edu\/staff\/mceballosromero\/publicaciones\/","title":{"rendered":"Publicaciones"},"content":{"rendered":"\n\n\t<h1>Publicaciones<\/h1>\n\t\t\t\t\t<a href=\"#\" id=\"fl-accordion--label-0\">2024<\/a>\n\t\t\t\t\t\t\t\t\t\t\t<a href=\"#\" id=\"fl-accordion--icon-0\"><i>Collapse<\/i><\/a>\n\t\t\t\t\t<ul>\n<li>Borremans, C., &#8230;, <u>Ceballos Romero, E. <\/u>et al.,, <em>Report on the Marine Imaging<\/em><br role=\"presentation\" \/><em>Workshop 2022<\/em>. Research Ideas and Outcomes, <a href=\"https:\/\/riojournal.com\/article\/119782\/\">doi: 10.3897\/rio.10.e119782<\/a>.<\/li>\n<li>Villa-Alfageme, M., Briggs, N., <u>Ceballos Romero, E.<\/u>, de Soto, F., Manno, C. and<br role=\"presentation\" \/>Giering, S. L., <em>Seasonal variations of sinking velocities in Austral diatom blooms: <\/em><em>Lessons learned from COMICS<\/em>. Deep Sea Research Part II, Topical Studies in Oceanography,<br role=\"presentation\" \/><a href=\"https:\/\/www.sciencedirect.com\/science\/article\/pii\/S0967064523001030?via%3Dihub\">doi: 10.1016\/j.dsr2.2023.105353<\/a>.<\/li>\n<\/ul>\n\t\t\t\t\t<a href=\"#\" id=\"fl-accordion--label-1\">2022<\/a>\n\t\t\t\t\t\t\t\t\t\t\t<a href=\"#\" id=\"fl-accordion--icon-1\"><i>Expand<\/i><\/a>\n\t\t\t\t\t<ul>\n<li><u>Ceballos Romero, E.<\/u>, Buesseler, K., Villa Alfageme, M. <a href=\"https:\/\/essd.copernicus.org\/articles\/14\/2639\/2022\/\"><em>Revisiting five decades of 234Th data: a comprehensive global oceanic compilation<\/em><\/a>. Earth System Science Data.<\/li>\n<li><u>Ceballos Romero, E.<\/u>, Buesseler, K., Villa Alfageme, M. <em>50 years of 234Th data: a comprehensive global oceanic compilation<\/em>. PANGAEA, <a href=\"https:\/\/doi.pangaea.de\/10.1594\/PANGAEA.918125\">https:\/\/doi.pangaea.de\/10.1594\/PANGAEA.918125<\/a>.<\/li>\n<\/ul>\n\t\t\t\t\t<a href=\"#\" id=\"fl-accordion--label-2\">2021<\/a>\n\t\t\t\t\t\t\t\t\t\t\t<a href=\"#\" id=\"fl-accordion--icon-2\"><i>Expand<\/i><\/a>\n\t\t\t\t\t<ul>\n<li>Villa-Alfageme, M., Briggs, N., <u>Ceballos-Romero, E<\/u>., de Soto, F., Manno, C. and Giering, S. L.: <em>Seasonal and geographical variations of sinking velocities in the Southern Ocean: Lessons learned from COMICS I<\/em>. (In review in Deep Sea Research Part II: Topical Studies in Oceanography).<\/li>\n<\/ul>\n\t\t\t\t\t<a href=\"#\" id=\"fl-accordion--label-3\">2020<\/a>\n\t\t\t\t\t\t\t\t\t\t\t<a href=\"#\" id=\"fl-accordion--icon-3\"><i>Expand<\/i><\/a>\n\t\t\t\t\t<ul>\n<li>Wiedmann, I.; <u>Ceballos Romero, E<\/u>.; Villa Alfageme, M.; Renner, A.H.H.; Dybwad, C.; van der Jagt, H.; Svensen, C.; Assmy, P.; Wiktor, J.; Tatarek, A.; R\u00f3\u017ca\u0144ska-Pluta M.; Iversen, M.. <em>Arctic Observations Identify Phytoplankton Community Composition as Driver of Carbon Flux Attenuation.<\/em> (Geophysical Research Letters, <a href=\"https:\/\/onlinelibrary.wiley.com\/doi\/abs\/10.1029\/2020GL087465\">doi: 10.1029\/2020GL087465<\/a>).<\/li>\n<\/ul>\n\t\t\t\t\t<a href=\"#\" id=\"fl-accordion--label-4\">2019<\/a>\n\t\t\t\t\t\t\t\t\t\t\t<a href=\"#\" id=\"fl-accordion--icon-4\"><i>Expand<\/i><\/a>\n\t\t\t\t\t<a href=\"https:\/\/bibliometria.us.es\/prisma\/publicacion\/163799\">Study of the key processes in the export and storage of carbon in the oceans through radioactive pairs: 234Th-238U and 210Po-210Pb<\/a>.<br \/>\nAdvisors: Frederic Le Moigne, Feliciano de Soto Borrero, Mar\u00eda Villa Alfageme\n\t\t\t\t\t<a href=\"#\" id=\"fl-accordion--label-5\">2018<\/a>\n\t\t\t\t\t\t\t\t\t\t\t<a href=\"#\" id=\"fl-accordion--icon-5\"><i>Expand<\/i><\/a>\n\t\t\t\t\t<ul>\n<li><u>Ceballos Romero, E.<\/u>, De Soto, F., Garc\u00eda-Tenorio, R., Villa-Alfageme, M. <em><sup>234<\/sup>Th-derived particle fluxes and seasonal variability: When is the SS assumption reliable? Insights from a novel approach for carbon flux simulation. <\/em>(Geophysical Research Letters, <a href=\"http:\/\/doi.wiley.com\/10.1029\/2018GL079968\">doi: 10.1029\/2018GL079968<\/a>).<\/li>\n<li>De Soto, F., <u>Ceballos Romero, E.<\/u>, Villa-Alfageme, M. <em>A microscopic simulation of particle flux in ocean waters: application to radioactive pair disequilibrium.<\/em> (Geochimica et Cosmochimica Acta, <a href=\"https:\/\/www.sciencedirect.com\/science\/article\/pii\/S0016703718304174\">doi: 10.1016\/J.GCA.2018.07.031<\/a>).<\/li>\n<\/ul>\n\t\t\t\t\t<a href=\"#\" id=\"fl-accordion--label-6\">2016<\/a>\n\t\t\t\t\t\t\t\t\t\t\t<a href=\"#\" id=\"fl-accordion--icon-6\"><i>Expand<\/i><\/a>\n\t\t\t\t\t\n<ul>\n<li><u>Ceballos Romero, E.<\/u>, Le Moigne, F., Villa-Alfageme, M., Sanders, R., Marsay, C., Henson, S., Garc\u00eda-Tenorio, R. <em>Influence of bloom dynamics on Particle Export Efficiency in the North Atlantic: a comparative study of radioanalytical techniques and sediment traps<\/em>. (Marine Chemistry, <a href=\"https:\/\/linkinghub.elsevier.com\/retrieve\/pii\/S0304420316301530\">doi: 10.1016\/j.marchem.2016.10.001<\/a>).<\/li>\n<li>Villa-Alfageme, M., de Soto, F., <u>Ceballos Romero, E.<\/u>, Giering, S., Le Moigne, F., Henson, S., Mas, J.L., Sanders, R. <em>Geographical, seasonal, and depth variation in sinking particle speeds in the North Atlantic. <\/em>(Geophysical Research Letters, <a href=\"http:\/\/doi.wiley.com\/10.1002\/2016GL069233\">doi: 10.1002\/2016GL069233<\/a>).<\/li>\n<li>Le Moigne, F., Henson, S., Cavan, E., Georges, C., Pabortsava, K., Achterberg, E., <u>Ceballos-Romero, E<\/u><strong>.<\/strong>, Sanders, R. <em>What causes the inverse relationship between primary production and export efficiency in the Southern Ocean? <\/em>(Geophysical Research Letters, <a href=\"http:\/\/doi.wiley.com\/10.1002\/2016GL068480\">doi: 10.1002\/2016GL068480<\/a>).<\/li>\n<\/ul>\n\t\t\t<a href=\"https:\/\/essd.copernicus.org\/articles\/14\/2639\/2022\/\" target=\"_self\" role=\"button\" rel=\"noopener\">\n\t\t\t\t\t\t\tDescargar PDF\n\t\t\t<\/a>\n\t<h3>Publicaci\u00f3n destacada<\/h3>\n<ul>\n<li><u>Ceballos Romero, E.<\/u>, Buesseler, K., Villa Alfageme, M.\u00a0<a href=\"https:\/\/essd.copernicus.org\/articles\/14\/2639\/2022\/\"><em>Revisiting five decades of 234Th data: a comprehensive global oceanic compilation<\/em><\/a>. Earth System Science Data.<\/li>\n<\/ul>\n<p>&nbsp;<\/p>\n\n","protected":false},"excerpt":{"rendered":"<p>Publicaciones 2024 Collapse Borremans, C., &#8230;, Ceballos Romero, E. et al.,, Report on the Marine ImagingWorkshop 2022. Research Ideas and Outcomes, doi: 10.3897\/rio.10.e119782. Villa-Alfageme, M., Briggs, N., Ceballos Romero, E., de Soto, F., Manno, C. andGiering, S. L., Seasonal variations of sinking velocities in Austral diatom blooms: Lessons learned from COMICS. Deep Sea Research Part&hellip;<\/p>\n","protected":false},"author":267,"featured_media":0,"parent":0,"menu_order":0,"comment_status":"closed","ping_status":"closed","template":"","meta":[],"_links":{"self":[{"href":"https:\/\/www2.whoi.edu\/staff\/mceballosromero\/wp-json\/wp\/v2\/pages\/193"}],"collection":[{"href":"https:\/\/www2.whoi.edu\/staff\/mceballosromero\/wp-json\/wp\/v2\/pages"}],"about":[{"href":"https:\/\/www2.whoi.edu\/staff\/mceballosromero\/wp-json\/wp\/v2\/types\/page"}],"author":[{"embeddable":true,"href":"https:\/\/www2.whoi.edu\/staff\/mceballosromero\/wp-json\/wp\/v2\/users\/267"}],"replies":[{"embeddable":true,"href":"https:\/\/www2.whoi.edu\/staff\/mceballosromero\/wp-json\/wp\/v2\/comments?post=193"}],"version-history":[{"count":3,"href":"https:\/\/www2.whoi.edu\/staff\/mceballosromero\/wp-json\/wp\/v2\/pages\/193\/revisions"}],"predecessor-version":[{"id":606,"href":"https:\/\/www2.whoi.edu\/staff\/mceballosromero\/wp-json\/wp\/v2\/pages\/193\/revisions\/606"}],"wp:attachment":[{"href":"https:\/\/www2.whoi.edu\/staff\/mceballosromero\/wp-json\/wp\/v2\/media?parent=193"}],"curies":[{"name":"wp","href":"https:\/\/api.w.org\/{rel}","templated":true}]}}